{"id":1337,"date":"2025-08-14T14:27:31","date_gmt":"2025-08-14T12:27:31","guid":{"rendered":"https:\/\/lccs.pl\/?page_id=1337"},"modified":"2025-08-15T11:56:19","modified_gmt":"2025-08-15T09:56:19","slug":"polityka-cookies-2","status":"publish","type":"page","link":"https:\/\/lccs.pl\/index.php\/polityka-cookies-2\/","title":{"rendered":"Polityka Cookies"},"content":{"rendered":"\t\t<div data-elementor-type=\"wp-page\" data-elementor-id=\"1337\" class=\"elementor elementor-1337\">\n\t\t\t\t<div class=\"elementor-element elementor-element-ad95d6e e-flex e-con-boxed e-con e-parent\" data-id=\"ad95d6e\" data-element_type=\"container\" data-e-type=\"container\">\n\t\t\t\t\t<div class=\"e-con-inner\">\n\t\t\t\t<div class=\"elementor-element elementor-element-0f98a35 elementor-widget elementor-widget-text-editor\" data-id=\"0f98a35\" data-element_type=\"widget\" data-e-type=\"widget\" data-widget_type=\"text-editor.default\">\n\t\t\t\t\t\t\t\t\t<p><strong>Polityka Cookies serwisu <\/strong><strong>lccs.pl<\/strong><\/p><ol><li><strong> Czym s\u0105 pliki cookies?<\/strong><\/li><\/ol><p>Pliki cookies (tzw. \u201eciasteczka\u201d) to niewielkie pliki tekstowe zapisywane na urz\u0105dzeniu ko\u0144cowym u\u017cytkownika podczas korzystania z witryny internetowej. Ich celem jest zapewnienie poprawnego dzia\u0142ania serwisu, personalizacja tre\u015bci oraz analiza ruchu na stronie.<\/p><ol start=\"2\"><li><strong> Jakie pliki cookies wykorzystujemy?<\/strong><\/li><\/ol><p>Na stronie <strong>lccs.pl<\/strong> wykorzystujemy nast\u0119puj\u0105ce rodzaje plik\u00f3w cookies:<\/p><ul><li><strong>Funkcjonalne<\/strong> \u2013 zapami\u0119tuj\u0105ce preferencje u\u017cytkownika, np. wyb\u00f3r j\u0119zyka strony;<\/li><li><strong>Analityczne<\/strong> \u2013 umo\u017cliwiaj\u0105ce analiz\u0119 statystyk odwiedzin z wykorzystaniem narz\u0119dzi takich jak Google Analytics;<\/li><li><strong>Marketingowe i spo\u0142eczno\u015bciowe<\/strong> \u2013 umo\u017cliwiaj\u0105ce korzystanie z funkcji medi\u00f3w spo\u0142eczno\u015bciowych (np. Facebook Pixel) oraz prowadzenie dzia\u0142a\u0144 remarketingowych.<\/li><\/ul><ol start=\"3\"><li><strong> Zarz\u0105dzanie plikami cookies<\/strong><\/li><\/ol><p>U\u017cytkownik ma mo\u017cliwo\u015b\u0107 samodzielnego zarz\u0105dzania plikami cookies poprzez ustawienia przegl\u0105darki internetowej. Mo\u017ce je blokowa\u0107, ogranicza\u0107 ich dzia\u0142anie lub ca\u0142kowicie usuwa\u0107. Nale\u017cy jednak pami\u0119ta\u0107, \u017ce wy\u0142\u0105czenie niekt\u00f3rych cookies mo\u017ce wp\u0142yn\u0105\u0107 na prawid\u0142owe funkcjonowanie witryny.<\/p><ol start=\"4\"><li><strong> Zgoda na cookies<\/strong><\/li><\/ol><p>Korzystaj\u0105c z serwisu <strong>lccs.pl<\/strong>, u\u017cytkownik wyra\u017ca zgod\u0119 na u\u017cywanie plik\u00f3w cookies zgodnie z niniejsz\u0105 polityk\u0105, o ile nie zmieni ustawie\u0144 swojej przegl\u0105darki.<\/p><ol start=\"5\"><li><strong> Kontakt<\/strong><\/li><\/ol><p>W przypadku pyta\u0144 dotycz\u0105cych polityki cookies prosimy o kontakt pod adresem: Lyudmila.cameron@gmail.com<\/p><p>\u00a0<\/p>\t\t\t\t\t\t\t\t<\/div>\n\t\t\t\t\t<\/div>\n\t\t\t\t<\/div>\n\t\t\t\t<\/div>\n\t\t","protected":false},"excerpt":{"rendered":"<p>Polityka Cookies serwisu lccs.pl Czym s\u0105 pliki cookies? Pliki cookies (tzw. \u201eciasteczka\u201d) to niewielkie pliki tekstowe zapisywane na urz\u0105dzeniu ko\u0144cowym u\u017cytkownika podczas korzystania z witryny internetowej. Ich celem jest zapewnienie poprawnego dzia\u0142ania serwisu, personalizacja tre\u015bci oraz analiza ruchu na stronie. Jakie pliki cookies wykorzystujemy? Na stronie lccs.pl wykorzystujemy nast\u0119puj\u0105ce rodzaje plik\u00f3w cookies: Funkcjonalne \u2013 zapami\u0119tuj\u0105ce [&hellip;]<\/p>\n","protected":false},"author":1,"featured_media":0,"parent":0,"menu_order":0,"comment_status":"closed","ping_status":"closed","template":"elementor_header_footer","meta":{"_eb_attr":"","footnotes":""},"class_list":["post-1337","page","type-page","status-publish","hentry","entry"],"_links":{"self":[{"href":"https:\/\/lccs.pl\/index.php\/wp-json\/wp\/v2\/pages\/1337","targetHints":{"allow":["GET"]}}],"collection":[{"href":"https:\/\/lccs.pl\/index.php\/wp-json\/wp\/v2\/pages"}],"about":[{"href":"https:\/\/lccs.pl\/index.php\/wp-json\/wp\/v2\/types\/page"}],"author":[{"embeddable":true,"href":"https:\/\/lccs.pl\/index.php\/wp-json\/wp\/v2\/users\/1"}],"replies":[{"embeddable":true,"href":"https:\/\/lccs.pl\/index.php\/wp-json\/wp\/v2\/comments?post=1337"}],"version-history":[{"count":3,"href":"https:\/\/lccs.pl\/index.php\/wp-json\/wp\/v2\/pages\/1337\/revisions"}],"predecessor-version":[{"id":1484,"href":"https:\/\/lccs.pl\/index.php\/wp-json\/wp\/v2\/pages\/1337\/revisions\/1484"}],"wp:attachment":[{"href":"https:\/\/lccs.pl\/index.php\/wp-json\/wp\/v2\/media?parent=1337"}],"curies":[{"name":"wp","href":"https:\/\/api.w.org\/{rel}","templated":true}]}}